{"id":49,"date":"2025-10-07T18:47:44","date_gmt":"2025-10-07T16:47:44","guid":{"rendered":"https:\/\/alteaconsult.eu\/?page_id=49"},"modified":"2026-02-04T12:41:00","modified_gmt":"2026-02-04T11:41:00","slug":"strona-glowna","status":"publish","type":"page","link":"http:\/\/alteaconsult.eu\/","title":{"rendered":"Strona g\u0142\u00f3wna"},"content":{"rendered":"\n<h4 class=\"wp-block-heading\" id=\"amadeusz-szewczyk\"><\/h4>\n\n\n\n<figure class=\"wp-block-image alignleft size-full is-resized\"><img fetchpriority=\"high\" decoding=\"async\" width=\"437\" height=\"513\" src=\"http:\/\/alteaconsult.eu\/wp-content\/uploads\/2025\/10\/profil2.png\" alt=\"\" class=\"wp-image-52\" style=\"width:300px;height:auto\" srcset=\"http:\/\/alteaconsult.eu\/wp-content\/uploads\/2025\/10\/profil2.png 437w, http:\/\/alteaconsult.eu\/wp-content\/uploads\/2025\/10\/profil2-256x300.png 256w\" sizes=\"(max-width: 437px) 100vw, 437px\" \/><\/figure>\n\n\n\n<p>Dzie\u0144 dobry\/Cze\u015b\u0107! Nazywam si\u0119&nbsp;Amadeusz Szewczyk. Jestem specjalist\u0105 ds. funduszy europejskich, program\/project managerem, trenerem, nauczycielem akademickim.<\/p>\n\n\n\n<p>Posiadam ponad 16-letnie do\u015bwiadczenie w zarz\u0105dzaniu projektami, pozyskiwaniu dotacji i rozliczaniu inwestycji dofinansowanych ze \u015brodk\u00f3w funduszy UE.<\/p>\n\n\n\n<p>Wspieram mikro, ma\u0142e i \u015brednie przedsi\u0119biorstwa w realizacji dofinansowanych przedsi\u0119wzi\u0119\u0107.<\/p>\n\n\n\n<p>W ramach&nbsp;marki &#8222;HoReCa Skills&#8221; \u015bwiadcz\u0119 us\u0142ugi doradcze w zakresie m.in. tworzenia nowych modeli biznesowych, strategii marketingowych, strategii cyfryzacji oraz szkoleniowe w zakresie technik sprzeda\u017cy, ICT.<\/p>\n\n\n\n<p>Obs\u0142uguj\u0119 firmy zar\u00f3wno z wojew\u00f3dztwa pomorskiego jak i podmioty z ca\u0142ej Polski.<\/p>\n\n\n\n<p>W trakcie 16 lat pracy pozyska\u0142em dofinansowanie i pomog\u0142em w rozliczeniu ponad 500 przedsi\u0119wzi\u0119\u0107. Ponadto przygotowa\u0142em kilkadziesi\u0105t strategii marketingowych oraz przeprowadzi\u0142em kilkadziesi\u0105t szkole\u0144.<\/p>\n\n\n\n<p>Zapraszam do kontaktu.<\/p>\n\n\n\n<figure class=\"wp-block-image aligncenter size-full is-resized\"><a href=\"https:\/\/spektrum.arp.gda.pl\/firma\/altea-consult-amadeusz-szewczyk\/\" target=\"_blank\" rel=\" noreferrer noopener\"><img decoding=\"async\" width=\"1024\" height=\"341\" src=\"https:\/\/alteaconsult.eu\/wp-content\/uploads\/2025\/10\/akredytacja_spektrum-1024x341-1.png\" alt=\"\" class=\"wp-image-92\" style=\"width:344px;height:auto\" srcset=\"http:\/\/alteaconsult.eu\/wp-content\/uploads\/2025\/10\/akredytacja_spektrum-1024x341-1.png 1024w, http:\/\/alteaconsult.eu\/wp-content\/uploads\/2025\/10\/akredytacja_spektrum-1024x341-1-300x100.png 300w, http:\/\/alteaconsult.eu\/wp-content\/uploads\/2025\/10\/akredytacja_spektrum-1024x341-1-768x256.png 768w\" sizes=\"(max-width: 1024px) 100vw, 1024px\" \/><\/a><\/figure>\n\n\n\n<p><\/p>\n","protected":false},"excerpt":{"rendered":"<p>Dzie\u0144 dobry\/Cze\u015b\u0107! Nazywam si\u0119&nbsp;Amadeusz Szewczyk. Jestem specjalist\u0105 ds. funduszy europejskich, program\/project managerem, trenerem, nauczycielem akademickim. Posiadam ponad 16-letnie do\u015bwiadczenie w zarz\u0105dzaniu projektami, pozyskiwaniu dotacji i rozliczaniu inwestycji dofinansowanych ze \u015brodk\u00f3w funduszy UE. Wspieram mikro, ma\u0142e i \u015brednie przedsi\u0119biorstwa w realizacji dofinansowanych przedsi\u0119wzi\u0119\u0107. W ramach&nbsp;marki &#8222;HoReCa Skills&#8221; \u015bwiadcz\u0119 us\u0142ugi doradcze w zakresie m.in. tworzenia nowych modeli [&hellip;]<\/p>\n","protected":false},"author":1,"featured_media":0,"parent":0,"menu_order":0,"comment_status":"closed","ping_status":"closed","template":"","meta":{"footnotes":""},"class_list":["post-49","page","type-page","status-publish","hentry"],"blocksy_meta":[],"yoast_head":"<!-- This site is optimized with the Yoast SEO plugin v25.7 - https:\/\/yoast.com\/wordpress\/plugins\/seo\/ -->\n<title>Strona g\u0142\u00f3wna -<\/title>\n<meta name=\"robots\" content=\"index, follow, max-snippet:-1, max-image-preview:large, max-video-preview:-1\" \/>\n<link rel=\"canonical\" href=\"http:\/\/alteaconsult.eu\/\" \/>\n<meta property=\"og:locale\" content=\"pl_PL\" \/>\n<meta property=\"og:type\" content=\"article\" \/>\n<meta property=\"og:title\" content=\"Strona g\u0142\u00f3wna -\" \/>\n<meta property=\"og:description\" content=\"Dzie\u0144 dobry\/Cze\u015b\u0107! Nazywam si\u0119&nbsp;Amadeusz Szewczyk. Jestem specjalist\u0105 ds. funduszy europejskich, program\/project managerem, trenerem, nauczycielem akademickim. Posiadam ponad 16-letnie do\u015bwiadczenie w zarz\u0105dzaniu projektami, pozyskiwaniu dotacji i rozliczaniu inwestycji dofinansowanych ze \u015brodk\u00f3w funduszy UE. Wspieram mikro, ma\u0142e i \u015brednie przedsi\u0119biorstwa w realizacji dofinansowanych przedsi\u0119wzi\u0119\u0107. W ramach&nbsp;marki &#8222;HoReCa Skills&#8221; \u015bwiadcz\u0119 us\u0142ugi doradcze w zakresie m.in. tworzenia nowych modeli [&hellip;]\" \/>\n<meta property=\"og:url\" content=\"http:\/\/alteaconsult.eu\/\" \/>\n<meta property=\"article:modified_time\" content=\"2026-02-04T11:41:00+00:00\" \/>\n<meta property=\"og:image\" content=\"http:\/\/alteaconsult.eu\/wp-content\/uploads\/2025\/10\/profil2.png\" \/>\n<meta name=\"twitter:card\" content=\"summary_large_image\" \/>\n<meta name=\"twitter:label1\" content=\"Szacowany czas czytania\" \/>\n\t<meta name=\"twitter:data1\" content=\"2 minuty\" \/>\n<script type=\"application\/ld+json\" class=\"yoast-schema-graph\">{\"@context\":\"https:\/\/schema.org\",\"@graph\":[{\"@type\":\"WebPage\",\"@id\":\"http:\/\/alteaconsult.eu\/\",\"url\":\"http:\/\/alteaconsult.eu\/\",\"name\":\"Strona g\u0142\u00f3wna -\",\"isPartOf\":{\"@id\":\"http:\/\/alteaconsult.eu\/#website\"},\"primaryImageOfPage\":{\"@id\":\"http:\/\/alteaconsult.eu\/#primaryimage\"},\"image\":{\"@id\":\"http:\/\/alteaconsult.eu\/#primaryimage\"},\"thumbnailUrl\":\"http:\/\/alteaconsult.eu\/wp-content\/uploads\/2025\/10\/profil2.png\",\"datePublished\":\"2025-10-07T16:47:44+00:00\",\"dateModified\":\"2026-02-04T11:41:00+00:00\",\"breadcrumb\":{\"@id\":\"http:\/\/alteaconsult.eu\/#breadcrumb\"},\"inLanguage\":\"pl-PL\",\"potentialAction\":[{\"@type\":\"ReadAction\",\"target\":[\"http:\/\/alteaconsult.eu\/\"]}]},{\"@type\":\"ImageObject\",\"inLanguage\":\"pl-PL\",\"@id\":\"http:\/\/alteaconsult.eu\/#primaryimage\",\"url\":\"http:\/\/alteaconsult.eu\/wp-content\/uploads\/2025\/10\/profil2.png\",\"contentUrl\":\"http:\/\/alteaconsult.eu\/wp-content\/uploads\/2025\/10\/profil2.png\",\"width\":437,\"height\":513},{\"@type\":\"BreadcrumbList\",\"@id\":\"http:\/\/alteaconsult.eu\/#breadcrumb\",\"itemListElement\":[{\"@type\":\"ListItem\",\"position\":1,\"name\":\"Home\",\"item\":\"http:\/\/alteaconsult.eu\/\"},{\"@type\":\"ListItem\",\"position\":2,\"name\":\"Strona g\u0142\u00f3wna\"}]},{\"@type\":\"WebSite\",\"@id\":\"http:\/\/alteaconsult.eu\/#website\",\"url\":\"http:\/\/alteaconsult.eu\/\",\"name\":\"\",\"description\":\"\",\"potentialAction\":[{\"@type\":\"SearchAction\",\"target\":{\"@type\":\"EntryPoint\",\"urlTemplate\":\"http:\/\/alteaconsult.eu\/?s={search_term_string}\"},\"query-input\":{\"@type\":\"PropertyValueSpecification\",\"valueRequired\":true,\"valueName\":\"search_term_string\"}}],\"inLanguage\":\"pl-PL\"}]}<\/script>\n<!-- \/ Yoast SEO plugin. -->","yoast_head_json":{"title":"Strona g\u0142\u00f3wna -","robots":{"index":"index","follow":"follow","max-snippet":"max-snippet:-1","max-image-preview":"max-image-preview:large","max-video-preview":"max-video-preview:-1"},"canonical":"http:\/\/alteaconsult.eu\/","og_locale":"pl_PL","og_type":"article","og_title":"Strona g\u0142\u00f3wna -","og_description":"Dzie\u0144 dobry\/Cze\u015b\u0107! Nazywam si\u0119&nbsp;Amadeusz Szewczyk. Jestem specjalist\u0105 ds. funduszy europejskich, program\/project managerem, trenerem, nauczycielem akademickim. Posiadam ponad 16-letnie do\u015bwiadczenie w zarz\u0105dzaniu projektami, pozyskiwaniu dotacji i rozliczaniu inwestycji dofinansowanych ze \u015brodk\u00f3w funduszy UE. Wspieram mikro, ma\u0142e i \u015brednie przedsi\u0119biorstwa w realizacji dofinansowanych przedsi\u0119wzi\u0119\u0107. W ramach&nbsp;marki &#8222;HoReCa Skills&#8221; \u015bwiadcz\u0119 us\u0142ugi doradcze w zakresie m.in. tworzenia nowych modeli [&hellip;]","og_url":"http:\/\/alteaconsult.eu\/","article_modified_time":"2026-02-04T11:41:00+00:00","og_image":[{"url":"http:\/\/alteaconsult.eu\/wp-content\/uploads\/2025\/10\/profil2.png","type":"","width":"","height":""}],"twitter_card":"summary_large_image","twitter_misc":{"Szacowany czas czytania":"2 minuty"},"schema":{"@context":"https:\/\/schema.org","@graph":[{"@type":"WebPage","@id":"http:\/\/alteaconsult.eu\/","url":"http:\/\/alteaconsult.eu\/","name":"Strona g\u0142\u00f3wna -","isPartOf":{"@id":"http:\/\/alteaconsult.eu\/#website"},"primaryImageOfPage":{"@id":"http:\/\/alteaconsult.eu\/#primaryimage"},"image":{"@id":"http:\/\/alteaconsult.eu\/#primaryimage"},"thumbnailUrl":"http:\/\/alteaconsult.eu\/wp-content\/uploads\/2025\/10\/profil2.png","datePublished":"2025-10-07T16:47:44+00:00","dateModified":"2026-02-04T11:41:00+00:00","breadcrumb":{"@id":"http:\/\/alteaconsult.eu\/#breadcrumb"},"inLanguage":"pl-PL","potentialAction":[{"@type":"ReadAction","target":["http:\/\/alteaconsult.eu\/"]}]},{"@type":"ImageObject","inLanguage":"pl-PL","@id":"http:\/\/alteaconsult.eu\/#primaryimage","url":"http:\/\/alteaconsult.eu\/wp-content\/uploads\/2025\/10\/profil2.png","contentUrl":"http:\/\/alteaconsult.eu\/wp-content\/uploads\/2025\/10\/profil2.png","width":437,"height":513},{"@type":"BreadcrumbList","@id":"http:\/\/alteaconsult.eu\/#breadcrumb","itemListElement":[{"@type":"ListItem","position":1,"name":"Home","item":"http:\/\/alteaconsult.eu\/"},{"@type":"ListItem","position":2,"name":"Strona g\u0142\u00f3wna"}]},{"@type":"WebSite","@id":"http:\/\/alteaconsult.eu\/#website","url":"http:\/\/alteaconsult.eu\/","name":"","description":"","potentialAction":[{"@type":"SearchAction","target":{"@type":"EntryPoint","urlTemplate":"http:\/\/alteaconsult.eu\/?s={search_term_string}"},"query-input":{"@type":"PropertyValueSpecification","valueRequired":true,"valueName":"search_term_string"}}],"inLanguage":"pl-PL"}]}},"_links":{"self":[{"href":"http:\/\/alteaconsult.eu\/index.php?rest_route=\/wp\/v2\/pages\/49","targetHints":{"allow":["GET"]}}],"collection":[{"href":"http:\/\/alteaconsult.eu\/index.php?rest_route=\/wp\/v2\/pages"}],"about":[{"href":"http:\/\/alteaconsult.eu\/index.php?rest_route=\/wp\/v2\/types\/page"}],"author":[{"embeddable":true,"href":"http:\/\/alteaconsult.eu\/index.php?rest_route=\/wp\/v2\/users\/1"}],"replies":[{"embeddable":true,"href":"http:\/\/alteaconsult.eu\/index.php?rest_route=%2Fwp%2Fv2%2Fcomments&post=49"}],"version-history":[{"count":17,"href":"http:\/\/alteaconsult.eu\/index.php?rest_route=\/wp\/v2\/pages\/49\/revisions"}],"predecessor-version":[{"id":133,"href":"http:\/\/alteaconsult.eu\/index.php?rest_route=\/wp\/v2\/pages\/49\/revisions\/133"}],"wp:attachment":[{"href":"http:\/\/alteaconsult.eu\/index.php?rest_route=%2Fwp%2Fv2%2Fmedia&parent=49"}],"curies":[{"name":"wp","href":"https:\/\/api.w.org\/{rel}","templated":true}]}}